lions digit of 261080677?
2
What is the hundred thousands digit of 256279219?
2
What is the thousands digit of 35298243?
8
What is the ten thousands digit of 1333228?
3
What is the hundred thousands digit of 50564876?
5
What is the millions digit of 336674815?
6
What is the ten millions digit of 69923481?
6
What is the hundreds digit of 6340411?
4
What is the tens digit of 2085155994?
9
What is the tens digit of 594514808?
0
What is the billions digit of 2058547576?
2
What is the hundred millions digit of 704207833?
7
What is the ten millions digit of 1135885926?
3
What is the ten millions digit of 7883326537?
8
What is the ten millions digit of 216363878?
1
What is the millions digit of 3226350623?
6
What is the ten millions digit of 43725488?
4
What is the hundred thousands digit of 582435448?
4
What is the thousands digit of 607592568?
2
What is the units digit of 506234790?
0
What is the hundred thousands digit of 1581279858?
2
What is the hundred millions digit of 417080704?
4
What is the billions digit of 2655389048?
2
What is the ten thousands digit of 701842504?
4
What is the thousands digit of 44955172?
5
What is the tens digit of 91204871?
7
What is the ten thousands digit of 1674446616?
4
What is the millions digit of 1399227412?
9
What is the thousands digit of 79492321?
2
What is the ten thousands digit of 85717795?
1
What is the thousands digit of 742925638?
5
What is the units digit of 205790440?
0
What is the billions digit of 1537231698?
1
What is the millions digit of 2753023559?
3
What is the hundreds digit of 542898160?
1
What is the hundred thousands digit of 312487368?
4
What is the hundreds digit of 18300090?
0
What is the thousands digit of 8241336222?
6
What is the hundreds digit of 4678016203?
2
What is the hundred thousands digit of 962178734?
1
What is the thousands digit of 28994930?
4
What is the hundred millions digit of 1087835994?
0
What is the billions digit of 8586220709?
8
What is the hundred thousands digit of 55029771?
0
What is the hundreds digit of 106177480?
4
What is the hundred thousands digit of 2198613983?
6
What is the ten thousands digit of 127311420?
1
What is the billions digit of 3384875569?
3
What is the units digit of 1164947210?
0
What is the hundreds digit of 3230440118?
1
What is the ten thousands digit of 278553835?
5
What is the ten thousands digit of 260168018?
6
What is the units digit of 650782156?
6
What is the tens digit of 114029105?
0
What is the units digit of 129577698?
8
What is the tens digit of 136467414?
1
What is the hundreds digit of 47714033?
0
What is the millions digit of 33504422?
3
What is the millions digit of 86412049?
6
What is the hundred thousands digit of 35929914?
9
What is the billions digit of 1979985744?
1
What is the thousands digit of 218546455?
6
What is the ten thousands digit of 375061852?
6
What is the tens digit of 509515795?
9
What is the tens digit of 324026705?
0
What is the tens digit of 1476541036?
3
What is the thousands digit of 847240188?
0
What is the hundred millions digit of 459413372?
4
What is the units digit of 698796720?
0
What is the ten thousands digit of 89667330?
6
What is the units digit of 348600995?
5
What is the hundred thousands digit of 135143495?
1
What is the ten thousands digit of 1464896711?
9
What is the hundred thousands digit of 222239886?
2
What is the tens digit of 49980052?
5
What is the millions digit of 161852869?
1
What is the thousands digit of 4122682005?
2
What is the millions digit of 216658913?
6
What is the billions digit of 1947808247?
1
What is the thousands digit of 87879112?
9
What is the millions digit of 21817204?
1
What is the hundred thousands digit of 52409511?
4
What is the units digit of 79074720?
0
What is the hundreds digit of 56517849?
8
What is the ten thousands digit of 1749514873?
1
What is the ten millions digit of 4017213302?
1
What is the millions digit of 127845947?
7
What is the tens digit of 2756024298?
9
What is the millions digit of 85066451?
5
What is the ten millions digit of 53832186?
5
What is the tens digit of 1140531910?
1
What is the hundred thousands digit of 1240912?
2
What is the thousands digit of 5930383?
0
What is the ten thousands digit of 92546250?
4
What is the units digit of 6726575140?
0
What is the hundreds digit of 53405833?
8
What is the hundred millions digit of 2471410681?
4
What is the hundred thousands digit of 9010422?
0
What is the millions digit of 7454458974?
4
What is the thousands digit of 831456456?
6
What is the hundreds digit of 203708879?
8
What is the units digit of 17341796?
6
What is the ten thousands digit of 573535122?
3
What is the hundreds digit of 519330564?
5
What is the thousands digit of 319111837?
1
What is the millions digit of 2195654628?
5
What is the billions digit of 3943123571?
3
What is the ten millions digit of 12804835?
1
What is the hundred thousands digit of 49117943?
1
What is the units digit of 17071060?
0
What is the hundred thousands digit of 2868099237?
0
What is the hundred millions digit of 353116424?
3
What is the hundreds digit of 434229562?
5
What is the hundreds digit of 49712810?
8
What is the ten thousands digit of 49809858?
0
What is the hundred thousands digit of 44596825?
5
What is the hundred thousands digit of 51133530?
1
What is the units digit of 3776429359?
9
What is the tens digit of 1492341821?
2
What is the units digit of 6773780985?
5
What is the ten thousands digit of 21486326?
8
What is the thousands digit of 192050971?
0
What is the hundreds digit of 2778365596?
5
What is the hundred thousands digit of 530038027?
0
What is the ten thousands digit of 321075786?
7
What is the millions digit of 1255030349?
5
What is the tens digit of 70524818?
1
What is the units digit of 1064208428?
8
What is the hundreds digit of 183757018?
0
What is the hundred millions digit of 408919985?
4
What is the hundred millions digit of 319171806?
3
What is the hundreds digit of 779293017?
0
What is the units digit of 20343576?
6
What is the hundreds digit of 64899321?
3
What is the hundreds digit of 447355777?
7
What is the thousands digit of 1777597000?
7
What is the hundreds digit of 4893504318?
3
What is the hundreds digit of 675138638?
6
What is the ten millions digit of 938982718?
3
What is the millions digit of 6243332990?
3
What is the units digit of 351700093?
3
What is the units digit of 27976747?
7
What is the tens digit of 2521888276?
7
What is the thousands digit of 183759971?
9
What is the hundreds digit of 77540887?
8
What is the ten thousands digit of 1232288570?
8
What is the ten millions digit of 44066352?
4
What is the units digit of 32036076?
6
What is the ten millions digit of 86065163?
8
What is the thousands digit of 48755759?
5
What is the hundreds digit of 6599161757?
7
What is the tens digit of 97998722?
2
What is the hundred millions digit of 2038269383?
0
What is the units digit of 748511463?
3
What is the millions digit of 1502588384?
2
What is the thousands digit of 508898899?
8
What is the ten thousands digit of 1086751082?
5
What is the hundred millions digit of 4032396624?
0
What is the ten millions digit of 56829613?
5
What is the units digit of 2174964541?
1
What is the ten thousands digit of 175530406?
3
What is the hundred thousands digit of 40280006?
2
What is the hundred thousands digit of 27249891?
2
What is the ten thousands digit of 207874521?
7
What is the millions digit of 89471292?
9
What is the hundreds digit of 1409965917?
9
What is the thousands digit of 541244307?
4
What is the ten millions digit of 141446081?
4
What is the ten millions digit of 108297359?
0
What is the units digit of 182716036?
6
What is the units digit of 697169981?
1
What is the ten millions digit of 3576990463?
7
What is the ten millions digit of 111316020?
1
What is the units digit of 41700522?
2
What is the ten millions digit of 51671335?
5
What is the tens digit of 641960815?
1
What is the hundred millions digit of 599463635?
5
What is the hundred thousands digit of 158483935?
4
What is the millions digit of 2377662741?
7
What is the tens digit of 48928477?
7
What is the ten thousands digit of 432256966?
5
What is the units digit of 1294790183?
3
What is the ten millions digit of 69652080?
6
What 